221 (base 4) to base 16
1429
Convert -b504 (base 12) to base 10.
-19732
38a1 (base 16) to base 6
151041
What is 301 (base 15) in base 8?
1244
64e (base 15) to base 5
21144
What is -4114 (base 6) in base 11?
-758
-11343 (base 15) to base 9
-83070
Convert 2725 (base 9) to base 15.
918
33b (base 12) to base 14
263
What is 37270 (base 8) in base 13?
7401
What is 173 (base 12) in base 16?
e7
b4a (base 15) to base 6
15441
What is 10001000100 (base 2) in base 10?
1092
-601 (base 11) to base 13
-43c
Convert 23004 (base 6) to base 5.
100434
28406 (base 9) to base 12
b1b0
What is -517 (base 15) in base 14?
-5bd
Convert 4324241 (base 5) to base 4.
101333200
8504 (base 13) to base 11
12930
-8200 (base 14) to base 12
-10b20
What is 2103014 (base 5) in base 7?
203224
Convert -2110101 (base 3) to base 4.
-130000
635 (base 7) to base 10
320
Convert -101101 (base 4) to base 9.
-1457
-4278 (base 14) to base 10
-11474
-111101110111 (base 2) to base 14
-162b
What is 22 (base 14) in base 10?
30
Convert 11110110110 (base 2) to base 10.
1974
What is 8a7 (base 16) in base 6?
14131
-643 (base 10) to base 16
-283
What is 565 (base 12) in base 2?
1100011101
Convert 303110 (base 5) to base 4.
2120310
What is 88a (base 16) in base 9?
2888
108c5 (base 14) to base 6
505525
What is -15826 (base 13) in base 5?
-2302210
Convert -1d6 (base 15) to base 12.
-2b6
-104610 (base 7) to base 5
-1042410
Convert 6179 (base 11) to base 2.
10000000000001
Convert 35e5 (base 16) to base 10.
13797
What is 10202122 (base 4) in base 2?
100100010011010
-2123 (base 4) to base 3
-12202
Convert 11012 (base 4) to base 12.
232
3988 (base 14) to base 6
114500
Convert -101100010110 (base 2) to base 9.
-3803
What is c718 (base 16) in base 8?
143430
What is 24a9 (base 11) in base 13?
1642
-6a4 (base 16) to base 6
-11512
-101100011010000 (base 2) to base 14
-8400
12042 (base 5) to base 6
4053
415104 (base 6) to base 10
33520
-2458 (base 9) to base 5
-24320
What is -3421 (base 5) in base 7?
-1263
What is -36345 (base 7) in base 12?
-5569
Convert -15 (base 11) to base 12.
-14
Convert 1304e (base 15) to base 11.
41775
Convert -1001001 (base 2) to base 3.
-2201
What is -12203 (base 4) in base 16?
-1a3
Convert -86d (base 14) to base 9.
-2250
Convert -308 (base 9) to base 10.
-251
4121 (base 5) to base 10
536
What is bb45 (base 16) in base 6?
1005541
What is -1a41 (base 12) in base 11?
-2465
Convert 1c30 (base 14) to base 15.
17c8
29a (base 15) to base 4
21103
3449 (base 16) to base 2
11010001001001
Convert 8022 (base 11) to base 15.
3267
-2c0 (base 13) to base 12
-352
51 (base 8) to base 7
56
-2ca (base 13) to base 3
-200200
What is 2045 (base 9) in base 6?
10535
What is 583 (base 15) in base 5?
14443
10217 (base 8) to base 10
4239
Convert -100101000110 (base 2) to base 14.
-c18
Convert -7da (base 15) to base 3.
-2102221
What is -8621 (base 9) in base 4?
-1203001
-1030222 (base 4) to base 15
-16c1
Convert 1095 (base 11) to base 7.
4120
What is 1010010111011000 (base 2) in base 12?
206a0
What is -8101 (base 11) in base 6?
-121510
What is -35722 (base 8) in base 14?
-581c
What is 1220001 (base 3) in base 16?
562
What is -22022000 (base 3) in base 12?
-3600
What is -24166 (base 7) in base 13?
-2b15
Convert 1232433 (base 6) to base 11.
46120
Convert 122020 (base 3) to base 10.
465
What is -122120 (base 3) in base 16?
-1da
653 (base 7) to base 15
172
Convert -1433 (base 8) to base 12.
-563
2044 (base 11) to base 9
3641
7631 (base 8) to base 11
3000
Convert 2a5f (base 16) to base 4.
2221133
-66618 (base 9) to base 7
-242663
What is -1c1b (base 14) in base 7?
-20634
What is 1333023 (base 5) in base 7?
142325
f1 (base 16) to base 10
241
What is 44110 (base 5) in base 13?
14c1
Convert -11111011110 (base 2) to base 6.
-13154
Convert 410 (base 14) to base 12.
566
What is 120101 (base 3) in base 2?
110011111
-130300 (base 5) to base 8
-11723
Convert 3389 (base 12) to base 4.
1121121
What is 101111000 (base 2) in base 7?
1045
12212001 (base 3) to base 2
1000010101011
10025 (base 9) to base 11
4a46
What is -110100001 (base 2) in base 14?
-21b
What is 25009 (base 12) in base 14?
143a1
What is -10000010100110000 (base 2) in base 10?
-66864
17129 (base 10) to base 14
6357
Convert -2189 (base 12) to base 11.
-2869
What is -2012 (base 6) in base 7?
-1166
What is 794 (base 10) in base 5?
11134
What is -373 (base 16) in base 8?
-1563
888 (base 9) to base 12
508
What is -19286 (base 15) in base 16?
-13ea8
110321 (base 4) to base 8
2471
-1b (base 15) to base 14
-1c
1042 (base 8) to base 7
1410
-411 (base 7) to base 14
-108
Convert -1b7 (base 16) to base 2.
-110110111
What is -5153 (base 7) in base 16?
-70a
Convert 115405 (base 6) to base 15.
30bb
1819 (base 13) to base 14
1431
What is -784 (base 16) in base 10?
-1924
Convert -1371 (base 10) to base 4.
-111123
What is 23a7 (base 11) in base 5?
100032
11001101001010 (base 2) to base 5
410010
What is 203 (base 10) in base 3?
21112
Convert 102310 (base 4) to base 8.
2264
Convert 15480 (base 10) to base 6.
155400
What is -21101202 (base 3) in base 15?
-18e8
-221301 (base 4) to base 7
-10536
-1ac (base 14) to base 5
-2343
-a7 (base 12) to base 7
-241
What is 1000000111 (base 2) in base 15?
249
What is -56405 (base 8) in base 5?
-1230223
What is 145423 (base 7) in base 15?
85e4
4361 (base 9) to base 5
100324
Convert 407a8 (base 11) to base 16.
e889
-271 (base 16) to base 15
-2ba
Convert -b8a6 (base 15) to base 6.
-500533
101000001101 (base 2) to base 4
220031
What is -21415 (base 8) in base 9?
-13270
-14584 (base 11) to base 9
-31307
What is 2025 (base 8) in base 7?
3022
Convert 1226 (base 8) to base 7.
1634
d60 (base 14) to base 16
a48
Convert -10951 (base 10) to base 3.
-120000121
What is fa0 (base 16) in base 15?
12ba
What is -7457 (base 8) in base 9?
-5288
-3428 (base 13) to base 3
-101000102
17072 (base 10) to base 4
10022300
Convert 444123 (base 6) to base 16.
9153
Convert -2929 (base 11) to base 9.
-5162
What is -2042 (base 5) in base 3?
-101002
What is 110533 (base 7) in base 9?
28641
What is 180 (base 12) in base 15?
110
Convert 225033 (base 7) to base 16.
9cdb
Convert 20312303 (base 4) to base 3.
1211202112
627 (base 11) to base 6
3255
Convert 4769 (base 11) to base 16.
1866
Convert 535 (base 12) to base 14.
3c5
Convert -126d7 (base 14) to base 9.
-68078
1182 (base 10) to base 11
985
What is 3142 (base 7) in base 14?
592
What is -10001101000101 (base 2) in base 3?
-110101102
Convert 177 (base 8) to base 9.
151
Convert -8532 (base 12) to base 7.
-60341
1db6 (base 16) to base 15
23c1
470 (base 9) to base 11
322
What is -1a68 (base 16) in base 5?
-204020
1346 (base 7) to base 3
201102
-16b56 (base 12) to base 6
-411350
What is 205 (base 14) in base 3?
112201
What is -5232 (base 7) in base 16?
-72c
2041 (base 7) to base 15
32a
What is 12d (base 15) in base 2?
100001100
Convert -30263 (base 9) to base 12.
-b626
What is 3480 (base 12) in base 5?
141411
What is 23231 (base 4) in base 6?
3245
1858 (base 16) to base 3
22112211
59 (base 13) to base 4
1022
-1153 (base 6) to base 14
-165
What is -101311 (base 4) in base 9?
-1507
Convert -13244 (base 8) to base 16.
-16a4
Convert -31312 (base 4) to base 7.
-2404
What is 443d (base 15) in base 10?
14458
Convert -100110010 (base 2) to base 3.
-102100
What is 7455 (base 10) in base 15?
2320
110221012 (base 3) to base 13
43a3
-89c (base 14) to base 9
-2305
Convert -1543 (base 7) to base 15.
-2b4
-128a0 (base 11) to base 6
-221033
Convert 156 (base 10) to base 9.
183
What is 300 (base 9) in base 14?
135
What is -1837 (base 10) in base 15?
-827
40102 (base 5) to base 9
3417
30162 (base 8) to base 11
9355
1000303 (base 4) to base 2
1000000110011
2005 (base 7) to base 12
497
Convert 122045 (base 8) to base 9.
63570
What is -12144 (base 7) in base 12?
-1a00
-30513 (base 6) to base 15
-131c
What is -2424 (base 5) in base 11?
-301
-2450 (base 6) to base 16
-25e
Convert 2303 (base 8) to base 14.
631
Convert -4124 (base 6) to base 16.
-394
Convert -31640 (base 8) to base 4.
-3032200
-415035 (base 6) to base 14
-c2d1
-21020 (base 3) to base 10
-195
What is -3cb7 (base 15) in base 13?
-5bba
Convert -567 (base 13) to base 8.
-1642
-62155 (base 8) to base 9
-38235
Convert -6885 (base 10) to base 15.
-2090
Convert 370 (base 9) to base 3.
102100
Convert -1